divided by 105.
52
Calculate the remainder when 153 is divided by 47.
12
Calculate the remainder when 714 is divided by 72.
66
What is the remainder when 992 is divided by 988?
4
Calculate the remainder when 1013 is divided by 85.
78
What is the remainder when 687 is divided by 285?
117
Calculate the remainder when 113 is divided by 18.
5
What is the remainder when 926 is divided by 18?
8
What is the remainder when 7748 is divided by 51?
47
Calculate the remainder when 225 is divided by 38.
35
What is the remainder when 635 is divided by 11?
8
Calculate the remainder when 328 is divided by 15.
13
Calculate the remainder when 311 is divided by 63.
59
What is the remainder when 287 is divided by 58?
55
Calculate the remainder when 245 is divided by 82.
81
Calculate the remainder when 327 is divided by 55.
52
What is the remainder when 213 is divided by 27?
24
What is the remainder when 125 is divided by 51?
23
What is the remainder when 573 is divided by 24?
21
What is the remainder when 417 is divided by 11?
10
Calculate the remainder when 532 is divided by 38.
0
What is the remainder when 223 is divided by 56?
55
Calculate the remainder when 114 is divided by 30.
24
What is the remainder when 424 is divided by 94?
48
What is the remainder when 357 is divided by 34?
17
Calculate the remainder when 111 is divided by 20.
11
What is the remainder when 60 is divided by 5?
0
What is the remainder when 2123 is divided by 19?
14
Calculate the remainder when 31 is divided by 27.
4
What is the remainder when 586 is divided by 7?
5
What is the remainder when 120 is divided by 22?
10
What is the remainder when 75 is divided by 11?
9
What is the remainder when 1502 is divided by 1485?
17
Calculate the remainder when 1366 is divided by 37.
34
Calculate the remainder when 470 is divided by 43.
40
Calculate the remainder when 104 is divided by 88.
16
What is the remainder when 5129 is divided by 4?
1
Calculate the remainder when 2173 is divided by 128.
125
Calculate the remainder when 3532 is divided by 7.
4
Calculate the remainder when 2536 is divided by 507.
1
What is the remainder when 42 is divided by 9?
6
What is the remainder when 152 is divided by 29?
7
Calculate the remainder when 141 is divided by 76.
65
What is the remainder when 6061 is divided by 14?
13
What is the remainder when 224 is divided by 88?
48
What is the remainder when 250 is divided by 17?
12
What is the remainder when 2341 is divided by 71?
69
Calculate the remainder when 92 is divided by 20.
12
Calculate the remainder when 4193 is divided by 28.
21
Calculate the remainder when 1548 is divided by 260.
248
Calculate the remainder when 669 is divided by 56.
53
What is the remainder when 32 is divided by 6?
2
What is the remainder when 399 is divided by 20?
19
Calculate the remainder when 13 is divided by 2.
1
What is the remainder when 475 is divided by 80?
75
What is the remainder when 52 is divided by 11?
8
Calculate the remainder when 154 is divided by 37.
6
Calculate the remainder when 1241 is divided by 37.
20
What is the remainder when 4571 is divided by 52?
47
Calculate the remainder when 275 is divided by 45.
5
What is the remainder when 11302 is divided by 19?
16
What is the remainder when 2121 is divided by 57?
12
Calculate the remainder when 576 is divided by 17.
15
What is the remainder when 215 is divided by 7?
5
Calculate the remainder when 3612 is divided by 18.
12
Calculate the remainder when 201 is divided by 12.
9
Calculate the remainder when 241 is divided by 14.
3
Calculate the remainder when 430 is divided by 206.
18
Calculate the remainder when 5909 is divided by 8.
5
What is the remainder when 118 is divided by 31?
25
Calculate the remainder when 1177 is divided by 33.
22
What is the remainder when 1381 is divided by 29?
18
Calculate the remainder when 968 is divided by 20.
8
What is the remainder when 765 is divided by 232?
69
What is the remainder when 527 is divided by 67?
58
Calculate the remainder when 363 is divided by 98.
69
Calculate the remainder when 524 is divided by 44.
40
Calculate the remainder when 390 is divided by 33.
27
What is the remainder when 94 is divided by 50?
44
What is the remainder when 408 is divided by 109?
81
Calculate the remainder when 164 is divided by 99.
65
What is the remainder when 7339 is divided by 38?
5
What is the remainder when 20 is divided by 10?
0
What is the remainder when 692 is divided by 136?
12
Calculate the remainder when 213 is divided by 55.
48
Calculate the remainder when 339 is divided by 168.
3
Calculate the remainder when 2521 is divided by 12.
1
Calculate the remainder when 118 is divided by 34.
16
What is the remainder when 278 is divided by 14?
12
What is the remainder when 147 is divided by 4?
3
Calculate the remainder when 100 is divided by 34.
32
What is the remainder when 482 is divided by 9?
5
What is the remainder when 106 is divided by 56?
50
Calculate the remainder when 900 is divided by 17.
16
What is the remainder when 296 is divided by 61?
52
Calculate the remainder when 2233 is divided by 43.
40
What is the remainder when 322 is divided by 148?
26
What is the remainder when 442 is divided by 149?
144
Calculate the remainder when 206 is divided by 30.
26
Calculate the remainder when 223 is divided by 56.
55
Calculate the remainder when 314 is divided by 63.
62
What is the remainder when 88 is divided by 44?
0
Calculate the remainder when 274 is divided by 99.
76
Calculate the remainder when 22570 is divided by 12.
10
Calculate the remainder when 115495 is divided by 123.
121
What is the remainder when 856 is divided by 8?
0
Calculate the remainder when 37 is divided by 19.
18
What is the remainder when 57 is divided by 4?
1
Calculate the remainder when 149 is divided by 39.
32
Calculate the remainder when 6062 is divided by 50.
12
Calculate the remainder when 310 is divided by 198.
112
Calculate the remainder when 1563 is divided by 222.
9
Calculate the remainder when 1299 is divided by 25.
24
Calculate the remainder when 180 is divided by 61.
58
Calculate the remainder when 97 is divided by 7.
6
Calculate the remainder when 131 is divided by 113.
18
Calculate the remainder when 1726 is divided by 859.
8
Calculate the remainder when 46 is divided by 45.
1
What is the remainder when 125 is divided by 59?
7
What is the remainder when 476 is divided by 29?
12
What is the remainder when 13610 is divided by 39?
38
Calculate the remainder when 68 is divided by 36.
32
What is the remainder when 35374 is divided by 16?
14
Calculate the remainder when 654 is divided by 138.
102
Calculate the remainder when 85 is divided by 5.
0
Calculate the remainder when 1987 is divided by 151.
24
Calculate the remainder when 281 is divided by 27.
11
What is the remainder when 1262 is divided by 16?
14
What is the remainder when 88 is divided by 49?
39
What is the remainder when 564 is divided by 184?
12
What is the remainder when 1263 is divided by 620?
23
What is the remainder when 171 is divided by 18?
9
Calculate the remainder when 118 is divided by 32.
22
What is the remainder when 172 is divided by 3?
1
What is the remainder when 1655 is divided by 166?
161
What is the remainder when 6843 is divided by 163?
160
Calculate the remainder when 168 is divided by 29.
23
Calculate the remainder when 61999 is divided by 124.
123
Calculate the remainder when 54 is divided by 20.
14
Calculate the remainder when 93 is divided by 26.
15
Calculate the remainder when 1492 is divided by 28.
8
What is the remainder when 1491 is divided by 406?
273
What is the remainder when 95 is divided by 24?
23
Calculate the remainder when 1190 is divided by 48.
38
Calculate the remainder when 168 is divided by 93.
75
Calculate the remainder when 286 is divided by 45.
16
What is the remainder when 1504 is divided by 63?
55
What is the remainder when 94 is divided by 49?
45
Calculate the remainder when 2569 is divided by 39.
34
Calculate the remainder when 434 is divided by 113.
95
Calculate the remainder when 743 is divided by 366.
11
Calculate the remainder when 380 is divided by 122.
14
Calculate the remainder when 501 is divided by 31.
5
Calculate the remainder when 119 is divided by 24.
23
What is the remainder when 6692 is divide